{"id":8805,"date":"2021-02-05T15:13:05","date_gmt":"2021-02-05T15:13:05","guid":{"rendered":"https:\/\/fhlux.lu\/web\/?page_id=8805"},"modified":"2026-03-10T08:53:43","modified_gmt":"2026-03-10T07:53:43","slug":"formations","status":"publish","type":"page","link":"https:\/\/fhlux.lu\/web\/info-service\/formations\/","title":{"rendered":"FORMATIONS"},"content":{"rendered":"<p><span style=\"color: #808000; font-size: 14pt;\">Les formations de radioprotection 2026 auront lieu dans les locaux de la FHL \u00e0 Bertrange, les inscriptions se font par mail \u00e0 <a href=\"mailto:formation.cpm@fhlux.lu\">formation.cpm@fhlux.lu<\/a>. Les dates de formation sont donn\u00e9es ci-dessous :<\/span><\/p>\n<p><span style=\"color: #000000;\"><strong>ATM-RX en fran\u00e7ais<\/strong><\/span><\/p>\n<ul>\n<li>de 8-12h le 06\/03\/2026 (vendredi)<\/li>\n<li>de 8-12h le 19\/09\/2026\u00a0 (samedi)<\/li>\n<\/ul>\n<p><span style=\"color: #000000;\"><strong>ATM-RX en allemand<\/strong><\/span><\/p>\n<ul>\n<li>de 8-12h le 02\/10\/2026 (vendredi)<\/li>\n<\/ul>\n<p><span style=\"color: #000000;\"><strong>ATM-RX NUC en fran\u00e7ais<\/strong><\/span><\/p>\n<ul>\n<li>de 8-12h le 04\/12\/2026 (vendredi)<\/li>\n<\/ul>\n<p><span style=\"color: #000000;\"><strong>M\u00e9decins nucl\u00e9aristes en fran\u00e7ais<\/strong><\/span><\/p>\n<ul>\n<li>de 8-12h le 20\/11\/2026 (vendredi)<\/li>\n<\/ul>\n<p><span style=\"color: #000000;\"><strong>M\u00e9decins sp\u00e9cialistes et radiologues en allemand<\/strong><\/span><\/p>\n<ul>\n<li>de 8-12h le 16\/10\/2026 (vendredi)<\/li>\n<\/ul>\n<p><span style=\"color: #000000;\"><strong>M\u00e9decins sp\u00e9cialistes et radiologues en fran\u00e7ais\u00a0<\/strong><\/span><\/p>\n<ul>\n<li>de 8-12h le 07\/02\/2026 (samedi)<\/li>\n<li>de 8-12h le 20\/06\/2026 (samedi)<\/li>\n<li>de 8-12h le 26\/06\/2026 (vendredi)<\/li>\n<li>de 8-12h le 10\/10\/2026 (samedi)<\/li>\n<\/ul>\n","protected":false},"excerpt":{"rendered":"<p>Les formations de radioprotection 2026 auront lieu dans les locaux de la FHL \u00e0 Bertrange, les inscriptions se font par mail \u00e0 formation.cpm@fhlux.lu. Les dates de formation sont donn\u00e9es ci-dessous : ATM-RX en fran\u00e7ais de 8-12h le 06\/03\/2026 (vendredi) de &hellip; <a href=\"https:\/\/fhlux.lu\/web\/info-service\/formations\/\">Continuer la lecture <span class=\"meta-nav\">&rarr;<\/span><\/a><\/p>\n","protected":false},"author":22,"featured_media":0,"parent":508,"menu_order":30,"comment_status":"closed","ping_status":"closed","template":"fullwidth-page.php","meta":[],"_links":{"self":[{"href":"https:\/\/fhlux.lu\/web\/wp-json\/wp\/v2\/pages\/8805"}],"collection":[{"href":"https:\/\/fhlux.lu\/web\/wp-json\/wp\/v2\/pages"}],"about":[{"href":"https:\/\/fhlux.lu\/web\/wp-json\/wp\/v2\/types\/page"}],"author":[{"embeddable":true,"href":"https:\/\/fhlux.lu\/web\/wp-json\/wp\/v2\/users\/22"}],"replies":[{"embeddable":true,"href":"https:\/\/fhlux.lu\/web\/wp-json\/wp\/v2\/comments?post=8805"}],"version-history":[{"count":34,"href":"https:\/\/fhlux.lu\/web\/wp-json\/wp\/v2\/pages\/8805\/revisions"}],"predecessor-version":[{"id":11406,"href":"https:\/\/fhlux.lu\/web\/wp-json\/wp\/v2\/pages\/8805\/revisions\/11406"}],"up":[{"embeddable":true,"href":"https:\/\/fhlux.lu\/web\/wp-json\/wp\/v2\/pages\/508"}],"wp:attachment":[{"href":"https:\/\/fhlux.lu\/web\/wp-json\/wp\/v2\/media?parent=8805"}],"curies":[{"name":"wp","href":"https:\/\/api.w.org\/{rel}","templated":true}]}}