{"id":10777,"date":"2024-10-28T09:41:10","date_gmt":"2024-10-28T08:41:10","guid":{"rendered":"https:\/\/fhlux.lu\/web\/?page_id=10777"},"modified":"2025-11-19T09:09:54","modified_gmt":"2025-11-19T08:09:54","slug":"journee-nationale-du-patient-partenaire","status":"publish","type":"page","link":"https:\/\/fhlux.lu\/web\/agenda\/journees-thematiques\/journee-nationale-du-patient-partenaire\/","title":{"rendered":"Journ\u00e9e nationale du patient partenaire 2024"},"content":{"rendered":"<p>La 3<sup>\u00e8me<\/sup> \u00e9dition de la JNPP aura lieu le <strong>12 d\u00e9cembre 2024 au ECCL, Luxembourg-Kirchberg<\/strong>.<\/p>\n<p>Elle suit la <a href=\"https:\/\/mediateursante.public.lu\/fr\/actualites\/2024\/patient2024.html\" target=\"_blank\" rel=\"noopener noreferrer\">s\u00e9ance acad\u00e9mique<\/a> du 11 d\u00e9cembre 2024 sur le 10<sup>\u00e8me<\/sup> anniversaire de la loi de 2014 sur les droits et obligations du patient.<\/p>\n<p>La JNPP 2024 suit deux objectifs\u00a0:<\/p>\n<ol>\n<li>Faire le bilan des travaux en cours dans le cadre du partenariat patient<\/li>\n<li>D\u00e9velopper les axes de travail pour 2025, voire les ann\u00e9es d\u2019apr\u00e8s.<\/li>\n<\/ol>\n<p>Le matin sera d\u00e9di\u00e9 au bilan des travaux, \u00e0 travers des conf\u00e9rences, pr\u00e9sentations et tables rondes.<\/p>\n<p>L\u2019apr\u00e8s-midi sera d\u00e9di\u00e9e \u00e0 des ateliers, visant \u00e0 faire travailler les participants sur les axes du mod\u00e8le luxembourgeois du partenariat-patient.<\/p>\n<p><strong>Inscription gratuite obligatoire : Les inscriptions sont cl\u00f4tur\u00e9es<\/strong><\/p>\n<h1>Programme<\/h1>\n<p>09h00\u00a0: Accueil<\/p>\n<p>09h30\u00a0: Allocutions<\/p>\n<ul>\n<li style=\"list-style-type: none;\">\n<ul>\n<li>Dr Philippe Turk, Pr\u00e9sident de la F\u00e9d\u00e9ration des h\u00f4pitaux luxembourgeois<\/li>\n<li>Madame Martine Deprez, ministre de la Sant\u00e9 et de la S\u00e9curit\u00e9 sociale<\/li>\n<li>Shirley Feider, Pr\u00e9sidente du Cercle des associations de patients<\/li>\n<\/ul>\n<\/li>\n<\/ul>\n<p>10h00\u00a0: Pr\u00e9sentations<\/p>\n<ul>\n<li style=\"list-style-type: none;\">\n<ul>\n<li>PNC2 \u00ab Annonce du diagnostic \u00bb &#8211; O\u00f9 en sommes-nous ? (Dr Catherine Boisant\u00e9, Coordinatrice m\u00e9dicale PNC2 et Fabrice Mouche, Coordinateur PNC2)<\/li>\n<li>Bilan sur l\u2019enqu\u00eate sur les droits du patient (Claudine Bettendroffer, COPAS)<\/li>\n<li>Pr\u00e9sentation de l\u2019enqu\u00eate aupr\u00e8s des organisations de patients au Luxembourg (Sabrina Rerman, CAPAT)<\/li>\n<\/ul>\n<\/li>\n<\/ul>\n<p>11h00\u00a0: Pause-caf\u00e9<\/p>\n<p>11h30 : Bilan sur le pilote de la formation continue patient-partenaire, Caroline Hindahl-Rios (Competence Center)<\/p>\n<p>11h45 : Pr\u00e9sentation des projets de partenariat et remise des dipl\u00f4mes aux participants de la formation continue patient-partenaire<\/p>\n<p>12h45 : Pause midi<\/p>\n<p>14h00 : Ateliers* participatifs<\/p>\n<ul>\n<li style=\"list-style-type: none;\">\n<ul>\n<li>14h00 \u2013 14h15\u00a0: Briefing et explications<\/li>\n<li>14h15 \u2013 14h45 : Atelier 1<\/li>\n<li>15h00 \u2013 15h30 : Atelier 2<\/li>\n<li>15h45 \u2013 16h15 : Atelier 3<\/li>\n<li>16h15 \u2013 16h45\u00a0: Restitution des ateliers<\/li>\n<\/ul>\n<\/li>\n<\/ul>\n<p>16h45\u00a0: Mot de cl\u00f4ture<\/p>\n<p>&nbsp;<\/p>\n<p>*<strong>Informations sur les ateliers:<\/strong><\/p>\n<p>Les ateliers\u00a0 sont organis\u00e9s selon les 5 axes du <a href=\"https:\/\/fhlux.lu\/web\/wp-content\/uploads\/2023\/12\/Slides-FHL-Presentation-de-la-journee-V2.pdf\" target=\"_blank\" rel=\"noopener noreferrer\">mod\u00e8le luxembourgeois<\/a> du partenariat-patient.<\/p>\n<p>Les participants peuvent participer \u00e0 3 ateliers parmi les 5 ateliers propos\u00e9s. Les ateliers sont <strong>limit\u00e9s \u00e0 12 personnes<\/strong>. Lors de l&rsquo;inscription, vous devez indiquer votre ordre de pr\u00e9f\u00e9rence. Les attributions aux ateliers sont faites en fonction des priorit\u00e9s indiqu\u00e9es.<\/p>\n<p><strong>La participation ne peut \u00eatre garantie et votre inscription sera confirm\u00e9e quelques jours avant l&rsquo;\u00e9v\u00e9nement<\/strong>.<\/p>\n<table width=\"614\">\n<tbody>\n<tr>\n<td width=\"69\">\n<p><strong>Atelier<\/strong><\/p>\n<\/td>\n<td width=\"214\">\n<p><strong>Intitul\u00e9<\/strong><\/p>\n<\/td>\n<td width=\"331\">\n<p><strong>Mod\u00e9rateur(s)<\/strong><\/p>\n<\/td>\n<\/tr>\n<tr>\n<td width=\"69\">\n<p>Atelier 1<\/p>\n<\/td>\n<td width=\"214\">\n<p>Participation active aux d\u00e9cisions l\u00e9gislatives<\/p>\n<\/td>\n<td width=\"331\">\n<p>Mike Schwebag (M\u00e9diateur de la Sant\u00e9)<\/p>\n<p>Georges Clees (Patientevertriedung)<\/p>\n<\/td>\n<\/tr>\n<tr>\n<td width=\"69\">\n<p>Atelier 2<\/p>\n<\/td>\n<td width=\"214\">\n<p>Implication dans la formation en sant\u00e9<\/p>\n<\/td>\n<td width=\"331\">\n<p>Caroline Hindahl-Rios (Competence Centre)<\/p>\n<p>Marie Maron (CAPAT)<\/p>\n<\/td>\n<\/tr>\n<tr>\n<td width=\"69\">\n<p>Atelier 3<\/p>\n<\/td>\n<td width=\"214\">\n<p>Engagement reconnu dans les institutions de sant\u00e9<\/p>\n<\/td>\n<td width=\"331\">\n<p>Christine Volckaert (Hopitaux Robert Schuman)<\/p>\n<p>Liliane Gomes\/ Claudine Bettendroffer (COPAS)<\/p>\n<\/td>\n<\/tr>\n<tr>\n<td width=\"69\">\n<p>Atelier 4<\/p>\n<\/td>\n<td width=\"214\">\n<p>Environnement inclusif et participatif<\/p>\n<\/td>\n<td width=\"331\">\n<p>Dr Joachim Renouprez (Croix-Rouge luxembourgeoise)<\/p>\n<p>Emeline Mertens (Paiperleck)<\/p>\n<p>Marcelle Jemming (Amicale des patients de l\u2019INCCI)<\/p>\n<\/td>\n<\/tr>\n<tr>\n<td width=\"69\">\n<p>Atelier 5<\/p>\n<\/td>\n<td width=\"214\">\n<p>Soutien par les technologies de la communication et de l\u2019information<\/p>\n<\/td>\n<td width=\"331\">\n<p>Marie-Paul Sidon (Centre Hospitalier de Luxembourg)<\/p>\n<p>Berna Topaloglu (Patiente partenaire)<\/p>\n<\/td>\n<\/tr>\n<\/tbody>\n<\/table>\n","protected":false},"excerpt":{"rendered":"<p>La 3\u00e8me \u00e9dition de la JNPP aura lieu le 12 d\u00e9cembre 2024 au ECCL, Luxembourg-Kirchberg. Elle suit la s\u00e9ance acad\u00e9mique du 11 d\u00e9cembre 2024 sur le 10\u00e8me anniversaire de la loi de 2014 sur les droits et obligations du patient. &hellip; <a href=\"https:\/\/fhlux.lu\/web\/agenda\/journees-thematiques\/journee-nationale-du-patient-partenaire\/\">Continuer la lecture <span class=\"meta-nav\">&rarr;<\/span><\/a><\/p>\n","protected":false},"author":27,"featured_media":0,"parent":10883,"menu_order":1,"comment_status":"closed","ping_status":"closed","template":"fullwidth-page.php","meta":[],"_links":{"self":[{"href":"https:\/\/fhlux.lu\/web\/wp-json\/wp\/v2\/pages\/10777"}],"collection":[{"href":"https:\/\/fhlux.lu\/web\/wp-json\/wp\/v2\/pages"}],"about":[{"href":"https:\/\/fhlux.lu\/web\/wp-json\/wp\/v2\/types\/page"}],"author":[{"embeddable":true,"href":"https:\/\/fhlux.lu\/web\/wp-json\/wp\/v2\/users\/27"}],"replies":[{"embeddable":true,"href":"https:\/\/fhlux.lu\/web\/wp-json\/wp\/v2\/comments?post=10777"}],"version-history":[{"count":37,"href":"https:\/\/fhlux.lu\/web\/wp-json\/wp\/v2\/pages\/10777\/revisions"}],"predecessor-version":[{"id":10853,"href":"https:\/\/fhlux.lu\/web\/wp-json\/wp\/v2\/pages\/10777\/revisions\/10853"}],"up":[{"embeddable":true,"href":"https:\/\/fhlux.lu\/web\/wp-json\/wp\/v2\/pages\/10883"}],"wp:attachment":[{"href":"https:\/\/fhlux.lu\/web\/wp-json\/wp\/v2\/media?parent=10777"}],"curies":[{"name":"wp","href":"https:\/\/api.w.org\/{rel}","templated":true}]}}