{"id":10458,"date":"2024-03-11T20:58:33","date_gmt":"2024-03-11T19:58:33","guid":{"rendered":"https:\/\/fhlux.lu\/web\/?page_id=10458"},"modified":"2025-10-28T14:48:59","modified_gmt":"2025-10-28T13:48:59","slug":"travailler-secteur-hospitalier","status":"publish","type":"page","link":"https:\/\/fhlux.lu\/web\/le-secteur-hospitalier\/travailler-secteur-hospitalier\/","title":{"rendered":"TRAVAILLER DANS LE SECTEUR HOSPITALIER"},"content":{"rendered":"<p><strong>Rejoins le secteur hospitalier: une carri\u00e8re qui a du sens<\/strong><\/p>\n<p style=\"text-align: justify;\">Le secteur hospitalier luxembourgeois, avec ses centres hospitaliers et \u00e9tablissements sp\u00e9cialis\u00e9s, t\u2019offre un vaste choix de m\u00e9tiers ! Une grande vari\u00e9t\u00e9 de m\u00e9tiers s\u2019offre \u00e0 toi, que tu souhaites travailler aux urgences, en p\u00e9diatrie, en r\u00e9\u00e9ducation, en chirurgie ou dans tout autre domaine de la m\u00e9decine. Tu travailles chaque jour en \u00e9quipe pluridisciplinaire avec des coll\u00e8gues venus d&rsquo;horizons divers.<\/p>\n<p style=\"text-align: justify;\">Tu profites de conditions de travail avantageuses, d\u2019\u00e9quipements \u00e0 la pointe de la technologie et d\u2019un soutien continu pour te former. Ici, ta carri\u00e8re \u00e9volue en m\u00eame temps que toi, gr\u00e2ce \u00e0 des formations r\u00e9guli\u00e8res pour \u00e9largir tes comp\u00e9tences et avancer dans tes fonctions.<\/p>\n<p><strong>Pourquoi travailler dans le secteur hospitalier au Luxembourg ?<\/strong><\/p>\n<p>\u2022 <strong>Un impact direct sur les patients\u00a0\u00a0 <br \/>\n<\/strong>\u00a0\u00a0 Tu fais la diff\u00e9rence dans la vie des gens chaque jour.<\/p>\n<p style=\"text-align: justify;\">\u2022 <strong>Travail d&rsquo;\u00e9quipe enrichissant<\/strong> <br \/>\n\u00a0\u00a0 Nos h\u00f4pitaux accueillent des \u00e9quipes multidisciplinaires qui enrichissent ton exp\u00e9rience et d\u00e9veloppent tes comp\u00e9tences<\/p>\n<p style=\"text-align: justify;\">\u2022 <strong>S\u00e9curit\u00e9 et \u00e9volution<\/strong><br \/>\n\u00a0\u00a0 Des emplois stables avec des perspectives d\u2019\u00e9volution t\u2019offrent une carri\u00e8re solide<\/p>\n<p style=\"text-align: justify;\">\u2022 <strong>Des conditions de travail avantageuses<\/strong> <br \/>\n\u00a0\u00a0 Une convention collective de travail attractive qui te permet de trouver un \u00e9quilibre entre vie priv\u00e9e et vie professionnelle.<\/p>\n<p style=\"text-align: justify;\"><strong>Pr\u00eat(e) \u00e0 relever un d\u00e9fi qui a du sens ?<br \/>\n<\/strong><br \/>\nSi tu veux faire la diff\u00e9rence et \u00e9voluer dans une carri\u00e8re enrichissante, le secteur hospitalier luxembourgeois t\u2019attend !<\/p>\n<p><em>Veuillez cliquer sur les fl\u00e8ches pour ouvrir les menus<\/em><\/p>\n","protected":false},"excerpt":{"rendered":"<p>Rejoins le secteur hospitalier: une carri\u00e8re qui a du sens Le secteur hospitalier luxembourgeois, avec ses centres hospitaliers et \u00e9tablissements sp\u00e9cialis\u00e9s, t\u2019offre un vaste choix de m\u00e9tiers ! Une grande vari\u00e9t\u00e9 de m\u00e9tiers s\u2019offre \u00e0 toi, que tu souhaites travailler &hellip; <a href=\"https:\/\/fhlux.lu\/web\/le-secteur-hospitalier\/travailler-secteur-hospitalier\/\">Continuer la lecture <span class=\"meta-nav\">&rarr;<\/span><\/a><\/p>\n","protected":false},"author":27,"featured_media":0,"parent":477,"menu_order":20,"comment_status":"closed","ping_status":"closed","template":"fullwidth-page.php","meta":[],"_links":{"self":[{"href":"https:\/\/fhlux.lu\/web\/wp-json\/wp\/v2\/pages\/10458"}],"collection":[{"href":"https:\/\/fhlux.lu\/web\/wp-json\/wp\/v2\/pages"}],"about":[{"href":"https:\/\/fhlux.lu\/web\/wp-json\/wp\/v2\/types\/page"}],"author":[{"embeddable":true,"href":"https:\/\/fhlux.lu\/web\/wp-json\/wp\/v2\/users\/27"}],"replies":[{"embeddable":true,"href":"https:\/\/fhlux.lu\/web\/wp-json\/wp\/v2\/comments?post=10458"}],"version-history":[{"count":25,"href":"https:\/\/fhlux.lu\/web\/wp-json\/wp\/v2\/pages\/10458\/revisions"}],"predecessor-version":[{"id":11268,"href":"https:\/\/fhlux.lu\/web\/wp-json\/wp\/v2\/pages\/10458\/revisions\/11268"}],"up":[{"embeddable":true,"href":"https:\/\/fhlux.lu\/web\/wp-json\/wp\/v2\/pages\/477"}],"wp:attachment":[{"href":"https:\/\/fhlux.lu\/web\/wp-json\/wp\/v2\/media?parent=10458"}],"curies":[{"name":"wp","href":"https:\/\/api.w.org\/{rel}","templated":true}]}}